16). Let s(a) be the second derivative of a**5/20 - a**3/3 + 2*a. What is s(v)?
4
Suppose 5*t + 0 - 15 = 0. Let q(j) = 7*j**2 + 0*j**3 - 7*j + 8 + 4*j**3 - 5*j**t. Let f be -7 + (-6 + 185/20)*(-96)/(-24). Determine q(f).
2
Let l(j) = -5*j - 9*j + 86 + 12*j. Let o be l(45). Let v(d) = d + 6. Give v(o).
2
Let o(s) = -4*s + 3 + 2*s**2 + 3*s - s**2. Suppose 0 = 51*d + 90*d + 45*d - 558. What is o(d)?
9
Let s(c) = 3*c**2 + 14*c + 20. Let v be 399/114*32/(-28). What is s(v)?
12
Let v = -22144 - -22131. Let s(p) = -p**2 - 17*p - 24. Give s(v).
28
Let i be 2/17 + (-21138)/(-663) + -32. Let l(v) = v**3 - 3*v**2 + 10. Determine l(i).
10
Let p(o) = o**2 - 3*o. Suppose 200*b - 8 = 204*b. Let i(r) = 2*r**2 - 7*r - 20. Let y be i(b). Calculate p(y).
-2
Let t(y) = -5*y**3 + 77*y**2 - 9*y + 4. Let q(i) = -6*i**3 + 89*i**2 - 10*i + 5. Let v(h) = 6*q(h) - 7*t(h). What is v(-3)?
-25
Let c(u) = 46*u - 114. Let p be c(3). Let q(a) = 25*a + p*a**2 - 5*a**3 + 4*a**3 - 15*a + 10 - 31*a**2 + 0*a**3. Determine q(-8).
-6
Suppose 5 = 3*u - 4*x + 25, 5*u - x = -22. Let q(y) = 4*y**3 + 2*y. Let f(r) = 11*r**3 + r**2 + 5*r. Let k(n) = -3*f(n) + 8*q(n). Give k(u).
12
Let v(s) = s**2 + 38 - 43 + 18*s - 10*s + 9. Give v(-4).
-12
Let u(z) = -49102*z**2 + 241 - 3*z + 24553*z**2 + 24548*z**2 - 6*z. Calculate u(12).
-11
Let r(a) be the third derivative of -a**5/60 - 11*a**4/24 - 10*a**3/3 + 573*a**2. Calculate r(-6).
10
Suppose 0 = r - 3*r - 10, 0 = 2*b + 2*r + 10. Let w(k) = -10*k**2 - 24 - 7*k**2 + 16*k**2. What is w(b)?
-24
Let b(z) = z**3 + 6*z**2 - 8*z + 2. Let l(k) = 2*k**2 + 9*k - 3. Suppose 27 = 3*j + 15. Suppose -j*x - 6 = 10. Let y be l(x). What is b(y)?
9
Let v(z) be the third derivative of z**5/20 + z**3/6 - 57*z**2. Let h(l) = 7*l**2 - 10*l + 13. Let k(u) = -h(u) + 2*v(u). What is k(8)?
5
Suppose -8 - 3 = 4*o + 3*f, 0 = -3*o + f - 18. Let a(z) be the third derivative of z**5/60 + z**4/6 + z**3/3 - 3744*z**2. What is a(o)?
7
Let k be 3/(-63)*-9 + 8/((-392)/119). Let w(g) = -9*g - 24. Give w(k).
-6
Let k(i) = -6*i**3 - i**2 + 3*i. Let c(x) = -x**3 + x**2 + x + 1. Let m(u) = -5*c(u) + k(u). Let y = -364 + 359. What is m(y)?
-20
Let m(k) be the third derivative of 0*k - 1/12*k**4 + 117*k**2 + 1/120*k**6 - 1/10*k**5 + 0 - k**3. Calculate m(6).
-18
Let f(d) = 12*d - 44. Let p(w) = 4*w - 15. Let q(r) = 4*f(r) - 11*p(r). Let v = -78166 + 78175. What is q(v)?
25
Let z(c) = c**2 - 19*c + 6. Let f(t) = -6*t**2 + 97*t - 31. Let m(g) = 2*f(g) + 11*z(g). Determine m(-14).
18
Suppose 0*x + 23 = -23*x. Let u(w) = 5*w**2 + 2*w + 2. Let a be u(x). Let s(d) = -2*d + 1. Determine s(a).
-9
Let b(a) = -2*a - 34. Let u be b(-18). Let s = u + 0. Suppose s*i + 10 = 4*i. Let o(q) = q**3 - 4*q**2 - 4*q - 5. Calculate o(i).
0
Let j(d) = 6*d**3 + 5*d**2 + 7*d + 6. Let a(y) = -36*y**3 - 31*y**2 - 48*y - 37. Let g(v) = -2*a(v) - 13*j(v). What is g(1)?
-8
Let r(x) = x**3 + 19*x**2 - 4*x - 23. Suppose -q - 56 = 3*j, 6 = -2*j - 2*q - 30. Determine r(j).
53
Let c(u) = -2*u**2 + 5*u + 16. Let a(w) = -w**2 + 2*w + 8. Let q(v) = -13*a(v) + 6*c(v). Let n(o) = o**2 + 15*o + 48. Let k be n(-6). Calculate q(k).
4
Let v(m) = -6*m - 17. Let t(r) = 3*r**2 - 155*r + 102. Let w be t(51). Calculate v(w).
-17
Let l be (2 - 5)*5*(-6 - -7). Let j(g) = g**3 + 12*g**2 - 46*g - 22. Give j(l).
-7
Let a(u) = -2*u - 3. Let z(o) = -4*o - 7. Let h(q) = 5*a(q) - 2*z(q). Let x be 9 - 9/5*(-90)/(-27). Determine h(x).
-7
Let n(w) be the first derivative of -w**3/3 + 11*w**2/2 + 18*w - 8917. Give n(6).
48
Let h be (-2 - (-4949)/2450)/((-2)/(-5)). Let f(c) be the second derivative of 0 + 1/3*c**4 - h*c**5 + c**2 + 24*c - 5/6*c**3. Calculate f(3).
-4
Let l(g) = g + 21. Let f = -777 - -781. Suppose 0 = -f*v + 2*v. Calculate l(v).
21
Let j(x) = x - 5. Let d(z) = z**2 + 9*z - 85. Let c(h) = d(h) - 8*j(h). Give c(6).
-3
Let j(y) be the second derivative of y**6/180 - y**5/120 - y**4/6 - 7*y**2/2 - y. Let v(b) be the third derivative of j(b). What is v(-5)?
-21
Let q(u) be the second derivative of 1/12*u**4 + 5/6*u**3 + 19*u - 13/2*u**2 + 0. Give q(-7).
1
Let z(i) = -4*i - 20. Let q(v) = 7*v**3 + 2*v**2 + 2*v + 1. Let u be q(-1). Let h be z(u). Let b(n) = -h*n**2 - 3*n**2 + 10*n**2 - n**3 - 3*n. Determine b(3).
-9
Let n(g) = g**2 + 11*g + 4. Let z(r) = 97*r - 1. Let j(m) = -m**2 + m + 13. Let i be j(4). Let x be z(i). Suppose x*l - 97*l - 11 = 0. Determine n(l).
4
Let b(o) = -3*o. Suppose -7*l - 34 = -9*l. Let f(q) = -q**3 + 18*q**2 - 15*q - 36. Let c be f(l). Let i be b(c). Let p(s) = s + 1. Determine p(i).
7
Let i(c) be the first derivative of 7/2*c**2 - 5*c + 285. Determine i(-4).
-33
Suppose 4*t - 32 = 50*a - 46*a, -2*a = 4*t + 4. Let m(h) = 16*h**2 + h + 2. Determine m(t).
68
Suppose 8*v - 239639 = -69903. Let u(y) = -2*y + 2 - 21207*y**2 + v*y**2 + y**3 + 4*y + 10. Calculate u(-10).
-8
Let z(j) be the second derivative of -j**7/840 + j**6/60 + j**5/15 + 7*j**4/24 - 25*j**3/2 + 130*j. Let k(a) be the second derivative of z(a). Calculate k(7).
14
Let i = -18 - -22. Suppose 0*h + 12 = -3*h - 3*r, 4*r + 16 = i*h. Let l(y) be the first derivative of -y**4/4 + 4*y - 1. Determine l(h).
4
Let y(l) = l**3 - 5*l**2 + 4*l - 1. Suppose 0 = -5*w + 2*q + 652, 452 = 4*w + 2*q - 84. Let s = w - 129. What is y(s)?
-7
Let s(d) be the first derivative of -2*d**2 - 3*d - 3. Let a(j) = -j. Let z(f) = 3*a(f) - s(f). Let t = -726 - -718. Calculate z(t).
-5
Suppose -4*i + 104 = -180*v + 176*v, -3*v = 24. Let k(r) = r**3 - 10*r**2 - 146*r + 34. Give k(i).
-2
Let k be 12/1*335/1340. Let x(u) be the second derivative of -5/6*u**k + 1/20*u**5 - 1/6*u**4 + 0 + u**2 + 33*u. Give x(3).
-4
Let w(q) be the third derivative of -2*q**5/5 - 5*q**4/24 - q**3/3 - 12*q**2 - 23*q. Calculate w(-1).
-21
Let r = -4 + 12. Let g(c) = -6*c**2 + 5 - r - c - 2*c**2 + 2. Let m be (-6)/5 - 39/(-195). Determine g(m).
-8
Let c be 4/(2*16/(-24)). Let l(h) = 5*h**2 + 14*h - 8. Let v(f) = 2*f**2 + 7*f - 4. Let z(t) = c*l(t) + 7*v(t). Give z(5).
6
Let x(i) = 4*i + 104. Let l be x(-27). Let k(j) = j - 1. Let h(f) = f**2 + 6*f - 6. Let c(w) = h(w) - 5*k(w). Let p(s) = s. Let v(z) = -c(z) + p(z). Give v(l).
-15
Let a(z) = -z**3 + 34*z**2 - 19*z + 647. Let x be a(34). Let s(p) = -2*p + 7. Determine s(x).
5
Let u(x) be the second derivative of x**4/12 - x**3 - x**2/2 + 438*x. What is u(5)?
-6
Let l(v) = -6*v**2 + 3*v - 25*v**2 + 2*v**2 - 22*v**2 + 3 + 13*v**2. What is l(-1)?
-38
Let u be (-343)/(-49) - (0 - 12/3). Let l(o) = -9*o**2 + 5*o - 6. Let n(i) = -2 + 16*i**2 + i**2 - 9*i + 13. Let h(r) = u*l(r) + 6*n(r). Give h(-1).
2
Let u(b) be the third derivative of 0*b + 0 + 1/24*b**4 - 4/3*b**3 + 65*b**2 + 1/120*b**6 + 7/60*b**5. What is u(-6)?
22
Suppose w - 3*p + 8*p = 176, 3*w + p = 542. Let j = w + -182. Let f(z) = -4*z. Calculate f(j).
4
Let r(f) = -13*f + 426. Suppose 416*y + 2244 = 482*y. Give r(y).
-16
Suppose 0 = -4*o - 128*i + 123*i - 1, -4*o = -5*i - 49. Let l(v) = 4*v**2 - 6*v - 7*v**2 + 0*v**2 + 3 + 4*v**2. Determine l(o).
3
Let t be -3 - (18/4)/9*-4. Let z(a) = -12*a**2 - 14*a - 16. Calculate z(t).
-14
Suppose 0 = -4*l + 4*x + 24, -3*l + 13 = -x + 3. Suppose 0 = -3*y - 12, -23 - l = -r + 5*y. Let f(q) = q**3 - 5*q**2 - 3*q + 5. Determine f(r).
-10
Let u(p) = -p - 12. Let o = 4335 + -4341. What is u(o)?
-6
Suppose 532 - 582 = -10*o. Suppose -8 = -3*b - 2, 0 = o*r - b + 2. Let i(f) = -f**3 + f**2 + f - 10. Calculate i(r).
-10
Let p(x) = -124*x - 88. Let m be p(5). Let h = m + 693. Let v(n) = n + 15. Give v(h).
0
Let f(g) = 7*g**2 - 13*g + 2. Let h(r) = 17*r**2 - 27*r + 4. Let v(c) = 5*f(c) - 2*h(c). Suppose o - 11 - 33 = -5*t, -t = 5*o - 4. Calculate v(t).
-16
Let p(i) = -16*i**3 + 509*i**2 + 120*i - 773. Let o be p(32). Let z(f) = -22 + 0 - 5*f - 4. What is z(o)?
-1
Let o = 617 + -621. Let a(w) = 4. Let k(t) = t - 3. Let q(l) = 7*a(l) + 6*k(l). Calculate q(o).
-14
Let v(i) = -i**2 + 13*i - 16. Let s be v(11). Let c = -2 + s. Let d(t) = -11*t**2 + 6 + 15*t**2 - 12*t + 713*t**3 - 714*t**3 + 10*t. What is d(c)?
-2
Let u(g) = -3*g - 10. Let b(d) = 16*d + 32. Let l(w) = b(w) + 4*u(w). Determine l(0).
-8
Let q(p) = -3550*p**3 + 7059*p**3 - 3564*p**3 + 1 + p. Calculate q(-1).
55
Let h(i) = -71*i - 37. Let p(v) = -55*v - 34. Let t(m) = 3*h(m) - 4*p(m). What is t(-13)?
-66
Let i(b) be